3/(-2)*(-680)/51. Let l = -65 - -172. Calculate the remainder when l is divided by (-44)/a*20/(-4).
8
Suppose -87*a + 105*a - 9288 = 0. What is the remainder when 518 is divided by a?
2
Suppose 0 = 3*m - 3*n - 60, -3*m - 3*n = -44 - 28. Let l(i) = 2*i**2 - 201*i - 278. What is the remainder when l(102) is divided by m?
6
Suppose -30*c = 28*c + 870. Suppose -36 = 6*o - 3*o. Calculate the remainder when (-428)/o + (c/(-9))/5 is divided by 13.
10
Let l = 11 + 17. Let a(x) = x**3 - 17*x**2 - 24*x + 273. Calculate the remainder when a(18) is divided by l.
25
Let n = -5 - -48. Let v = 95414 + -95391. Calculate the remainder when n is divided by v.
20
Let o = 65 - 48. Suppose j - 2*d - 25 = 0, o*j - 5*d + 200 = 22*j. Calculate the remainder when 173 is divided by j.
33
Let t be -6 - -2 - 1419/(-11). Let a(u) = 2*u**3 + 7*u**2 + u - 7. Let x be a(-5). Let o = x + t. What is the remainder when o is divided by 10?
8
Suppose 3*o + 179 = -3*b + 5, -2*o + b - 116 = 0. Let k = o + 137. Let w = k + -58. Calculate the remainder when w is divided by 8.
5
Let i(c) = 3*c**2 + 79*c + 712. What is the remainder when i(-10) is divided by 103?
16
Let c(s) = s**3 + 19*s**2 - 39*s + 72. Let l be c(-21). Calculate the remainder when 857 is divided by (-4)/l + (-2057)/(-153).
12
What is the remainder when 510 is divided by (-1620)/(-243)*(-9)/(-5) + 16?
6
What is the remainder when 5580 is divided by (-3850)/385 + (150 + 0)/2?
55
Let l(f) = 13*f - 87. Let c be l(5). What is the remainder when 461 is divided by 10*13/715 + (-634)/c?
26
Let a(z) = -6*z - 1 - 13 + 6*z - 10*z. Let y be (-2)/8 + -1 - (-60)/(-80). Calculate the remainder when 14 is divided by a(y).
2
Let x(c) = 9*c**2 - 5*c - 3. Suppose 0 = -3*w + 76*w - 1460. What is the remainder when x(-3) is divided by w?
13
Let f = -10312 - -10319. Suppose -8*z + 4*z = -3*d - 14, -d - 5*z + 8 = 0. Calculate the remainder when 1*(14 + (d - -5)) is divided by f.
3
Suppose 301 = 16*s - 9*s. Suppose -4*v - 2*d + s = -v, 2*v + 5*d = 47. Calculate the remainder when v is divided by 75/10 + (-1)/2.
4
Suppose -901 = -7*l + 142. Suppose 5*q - 2*u + 0*u = 773, u = -q + l. Calculate the remainder when q is divided by 22.
21
Suppose -5*f = -61 - 29. Suppose 6*t = 330 + 1590. Calculate the remainder when t is divided by f.
14
Calculate the remainder when 252 is divided by -5 + 3 - (-6 + -16).
12
Let b = 0 - -3. Let f(t) = -2*t**3 - 277 - 36*t - 287 + 572 + 8*t**2 + 3*t**3 + 27*t**2. What is the remainder when f(-36) is divided by b?
2
Suppose 31*f + 1984 = 10271 + 6841. What is the remainder when 1478 is divided by f?
14
Let d(c) = -88*c - 3850. What is the remainder when d(-48) is divided by 123?
5
Let q(g) = -80*g + 10 + g**2 + 159*g - 84*g. Let b be (24/28)/(1/7). Calculate the remainder when 29 is divided by q(b).
13
Let b be ((-54)/(-12))/(1/2). Let p(m) be the second derivative of m**4/12 - 7*m**3/6 + 5*m**2 + 21*m. What is the remainder when 53 is divided by p(b)?
25
Let u = 2207 + -2197. Suppose 27 = -5*w + 2*w. Calculate the remainder when u is divided by (-1)/2*126/w.
3
Suppose -d = 3*z + 120 - 27, 3*d + 239 = -z. Let o = -15 - d. Calculate the remainder when o is divided by 11.
8
Let c be (-21 - -18) + (2 - (6 + -2)). Let u = 38 + -21. Let y = u - c. Calculate the remainder when 84 is divided by y.
18
Let d = -10064 + 10176. What is the remainder when 550 is divided by d?
102
Suppose 2*s - 25 + 2 = -3*q, 4*q - 2*s = 26. Suppose -q*j + 8*j - 87 = 0. Suppose 3*h - j = -0*h. What is the remainder when h is divided by 11?
7
Let m be (-4260)/(-72) - 1/6. Suppose m = 3*g - 5*u, -2*u - u - 3 = 0. Calculate the remainder when 1041/g + 1 - (-3)/18 is divided by 30.
29
Suppose -30*g + 4*r - 2107 = -35*g, -4*g + 1679 = r. What is the remainder when g is divided by 196?
27
Let j = 1 + -1. Suppose 18 = -5*b + 5*l + 108, j = 4*l - 16. Let w(q) = -130*q**2 + 6875*q + 799. What is the remainder when b is divided by w(53)?
2
Suppose -u + 77 - 403 = -y, -u = -1. Let l = 373 - y. Calculate the remainder when 366 is divided by l.
44
Suppose 4*t = -2*i - 500, -5*t = -4*i - 6*t - 1021. Let q = -27 - i. What is the remainder when q is divided by 26?
21
Let o = -13 - -20. Let p(g) = 13*g - 4. Suppose 68 = 5*w - 22. What is the remainder when p(o) is divided by w?
15
What is the remainder when 284 is divided by 2 + 4341/51 + (-286)/2431?
23
Let q(y) = y**2 + 5*y - 14. Let l be 7/(-21) + 20/(-3). Let a be q(l). Suppose -3*r + 53 + 49 = a. Calculate the remainder when 133 is divided by r.
31
Let b(y) = 10*y**2 + y - 3. Let s be b(-3). Suppose -13*k = -9*k - s. Suppose 5*z = 4*z + 62. Calculate the remainder when z is divided by k.
20
Let n be 0*(5 + (-64)/12). Suppose n = -12*v - 0 - 0. Suppose -22 = -5*g + 4*g - h, v = -4*g + 5*h + 88. Calculate the remainder when 87 is divided by g.
21
Let v(f) = 1405*f - 18248. Suppose 8*m - 2*s = 3*m + 657, 4*s = -2*m + 282. Calculate the remainder when m is divided by v(13).
14
Suppose -427 - 11588 = -530*k + 175. Calculate the remainder when 2135 is divided by k.
19
Let v(r) = 5*r**2 + 19*r + 408. Calculate the remainder when v(-7) is divided by 58.
56
Let x = 1304 + -1178. Calculate the remainder when 423 is divided by x.
45
Suppose 4*c - 138 = -3*h, -251*c = -4*h - 246*c + 215. What is the remainder when 6247 is divided by h?
47
Let f(m) = -5*m + 2. Let q be f(2). Let d(o) = 2*o**2 + 88*o - 808. Calculate the remainder when (188/6)/(q/(-12)) is divided by d(-52).
23
Suppose 139 = 7*o + 391. Suppose -5*g - 3*i + 145 = 0, -g - 5*i + 129 = 3*g. What is the remainder when 2 + o/21 - (-2166)/14 is divided by g?
25
Let g(j) = 1200*j + 40. Let v be g(2). Suppose 2*m + 2460 = 5*x, 4*m = -5*x + 2*m + v. What is the remainder when x is divided by 41?
39
Let m(g) = -140*g + 3242. What is the remainder when 142 is divided by m(23)?
10
Suppose 5*v + 168*d + 8 - 357 = 166*d, -90 = 5*d. What is the remainder when v is divided by 4/5*115/2?
31
Suppose 0 = -10*t - 44 - 3116. Let l = t - -345. Calculate the remainder when l is divided by 10.
9
Let o(k) = -4*k**3 - 2*k**2 - k - 2. Suppose -8*v - 4 = 52. What is the remainder when o(-2) is divided by 5 + 3 + v + 2?
0
Let k = 17 - 24. Let g(b) = 3*b**2 + 11*b - 27. Calculate the remainder when g(k) is divided by 22.
21
Suppose -3*a + 75 = 2*a. What is the remainder when 230/a*6/4 is divided by -2*((-312)/(-16))/(-3)?
10
Suppose 40*d - 43*d + 370 = 5*b, -2*b = d - 149. Calculate the remainder when 332 is divided by b.
24
Let o(t) = t**3 + 8*t**2 + 8*t + 2. Calculate the remainder when o(-6) is divided by 240/22 + 358/3938.
4
Let v(r) = 2*r**2 + 2*r - 4. Suppose 0 = 19*m - 225 - 858. What is the remainder when m is divided by v(3)?
17
Suppose -9*c - 112 = -w - 8*c, 5*w = -2*c + 574. Let g = w + -96. Suppose -4*n - 2*b + 4 + g = 0, 2*b - 30 = -5*n. What is the remainder when n is divided by 5?
3
Let h(l) = -45*l - 1206. Suppose 5*x + 126 = 4*z, 2*z + 5*x - 39 - 39 = 0. Calculate the remainder when z is divided by h(-27).
7
Let d = -10805 - -11068. Let v(j) = -j**3 - j**2 + j - 3. Calculate the remainder when d is divided by v(-3).
11
Calculate the remainder when 69 is divided by (-680)/(-52) - (-14 - -18) - 1/13.
6
Suppose y - 2*y = -274. Let n = y + -213. What is the remainder when 240 is divided by n?
57
Let m(h) = -491*h + 808. What is the remainder when m(1) is divided by 129?
59
Suppose -2*s - o + 116 = -21, o = 3*s - 193. Let z = s + -66. Suppose 5*h + 2*v - 190 = z, 4*v + 40 = 2*h - 12. What is the remainder when h is divided by 8?
4
Suppose 4*z + 8 = -4*n, -5*n = -5*z - 3*n + 4. Suppose d - 3*y = 28, 3*d - 3*y - 57 - 21 = z. Calculate the remainder when 249 is divided by d.
24
Let h(w) = -w**3 - w**2 + 26*w + 13. What is the remainder when 543 is divided by h(0)?
10
Let g(f) = -f**2 - 59*f + 360. Calculate the remainder when g(-28) is divided by 15.
13
Suppose -3*m - 274 = -5*w, -3*w + 28*m - 31*m = -150. Calculate the remainder when 899 is divided by w.
51
Suppose -2*r + 4 + 4 = 0. Suppose -r = -2*i + c + 29, i - 5*c + 6 = 0. Calculate the remainder when 35 is divided by i.
16
Suppose 0 = -5*j + v + 272, 11*v = 9*j + 7*v - 505. Calculate the remainder when 479 is divided by j.
2
Let d = -7331 + 8658. What is the remainder when d is divided by 12?
7
Suppose 237*l + 441